{"id":134,"date":"2019-10-10T13:24:59","date_gmt":"2019-10-10T11:24:59","guid":{"rendered":"https:\/\/bmg-langer.de\/cmsV3\/?page_id=134"},"modified":"2023-03-07T11:48:35","modified_gmt":"2023-03-07T10:48:35","slug":"aktuelles","status":"publish","type":"page","link":"https:\/\/bmg-langer.de\/cmsV3\/","title":{"rendered":"@Landing Page"},"content":{"rendered":"\n<p><\/p>\n\n\n\n<div class=\"wp-block-columns is-layout-flex wp-container-core-columns-is-layout-1 wp-block-columns-is-layout-flex\">\n<div class=\"wp-block-column is-layout-flow wp-block-column-is-layout-flow\" style=\"flex-basis:33.33%\">\n<figure class=\"wp-block-image size-large is-style-rounded\"><img loading=\"lazy\" decoding=\"async\" width=\"1024\" height=\"381\" src=\"https:\/\/bmg-langer.de\/cmsV3\/wp-content\/uploads\/2023\/03\/Header-03-1024x381.jpg\" alt=\"\" class=\"wp-image-4094\" srcset=\"https:\/\/bmg-langer.de\/cmsV3\/wp-content\/uploads\/2023\/03\/Header-03-1024x381.jpg 1024w, https:\/\/bmg-langer.de\/cmsV3\/wp-content\/uploads\/2023\/03\/Header-03-300x112.jpg 300w, https:\/\/bmg-langer.de\/cmsV3\/wp-content\/uploads\/2023\/03\/Header-03-768x285.jpg 768w, https:\/\/bmg-langer.de\/cmsV3\/wp-content\/uploads\/2023\/03\/Header-03.jpg 1200w\" sizes=\"auto, (max-width: 1024px) 100vw, 1024px\" \/><\/figure>\n<\/div>\n\n\n\n<div class=\"wp-block-column is-layout-flow wp-block-column-is-layout-flow\" style=\"flex-basis:66.66%\">\n<p class=\"has-medium-font-size\">Die Firma Bildungs- und Managementgesellschaft R. Langer mbH wurde durch Herrn Reinhard Langer am 16.04.2002 gegr\u00fcndet. Seither hilft das Unternehmen einzelnen Menschen durch individuelle und innovative Bildung und Betreuung, ihren Platz im Arbeitsmarkt zu bestimmen. Alle Angebote f\u00fcr arbeitslose Menschen basierenauf einer pers\u00f6nlichen Kompetenzbewertung.<\/p>\n<\/div>\n<\/div>\n\n\n\n<p class=\"has-medium-font-size\">F\u00fcr Unternehmen und andere Einrichtungen f\u00fchren wir Personalauswahl und -entwicklungsma\u00dfnahmen durch und bieten Training und Coaching von F\u00fchrungskr\u00e4ften an. Dabei greifen wir auf das bew\u00e4hrte Verfahren von KODE\u00ae (Kompetenzdiagnostik und Entwicklung) zur\u00fcck.<\/p>\n\n\n\n<p class=\"has-medium-font-size\"><strong>Der Mensch steht immer im Mittelpunkt unserer t\u00e4glichen Arbeit.<\/strong><\/p>\n\n\n\n<p class=\"has-medium-font-size\">Unsere Motivation ist es, dass berufliche Potenzial unserer Kundinnen und Kunden voll zu entwickeln und zu verbessern. Daran richten wir unser Tun und Handeln aus.<\/p>\n\n\n\n<div class=\"wp-block-columns is-layout-flex wp-container-core-columns-is-layout-2 wp-block-columns-is-layout-flex\">\n<div class=\"wp-block-column is-layout-flow wp-block-column-is-layout-flow\" style=\"flex-basis:66.66%\">\n<p class=\"has-medium-font-size\">Als Unternehmen und als Arbeitgeber tragen wir soziale Verantwortung. Das bedeutet f\u00fcr unsere Mitarbeiterinnen und Mitarbeiter gute Arbeitsbedingungen und aktive Mitgestaltung f\u00fcr unsere Teilnehmerinnen und Teilnehmer selbstbestimmten Zugang zu beruflicher und gesellschaftlicher Teilhabe.<\/p>\n\n\n\n<p class=\"has-medium-font-size\">Wir f\u00f6rdern den Mut unserer Kundinnen und Kunden neue Wege zu gehen und unterst\u00fctzen dabei professionell und nachhaltig. Gegenseitiger Respekt und wertsch\u00e4tzung ist die Grundlage unserer Kommunikation und der gemeinsamen Arbeit.<\/p>\n<\/div>\n\n\n\n<div class=\"wp-block-column is-layout-flow wp-block-column-is-layout-flow\" style=\"flex-basis:33.33%\">\n<figure class=\"wp-block-image size-large is-style-rounded\"><img loading=\"lazy\" decoding=\"async\" width=\"1024\" height=\"381\" src=\"https:\/\/bmg-langer.de\/cmsV3\/wp-content\/uploads\/2023\/03\/Header-01-1024x381.jpg\" alt=\"\" class=\"wp-image-4093\" srcset=\"https:\/\/bmg-langer.de\/cmsV3\/wp-content\/uploads\/2023\/03\/Header-01-1024x381.jpg 1024w, https:\/\/bmg-langer.de\/cmsV3\/wp-content\/uploads\/2023\/03\/Header-01-300x112.jpg 300w, https:\/\/bmg-langer.de\/cmsV3\/wp-content\/uploads\/2023\/03\/Header-01-768x285.jpg 768w, https:\/\/bmg-langer.de\/cmsV3\/wp-content\/uploads\/2023\/03\/Header-01.jpg 1200w\" sizes=\"auto, (max-width: 1024px) 100vw, 1024px\" \/><\/figure>\n<\/div>\n<\/div>\n","protected":false},"excerpt":{"rendered":"<p>Die Firma Bildungs- und Managementgesellschaft R. Langer mbH wurde durch Herrn Reinhard Langer am 16.04.2002 gegr\u00fcndet. Seither hilft das Unternehmen einzelnen Menschen durch individuelle und innovative Bildung und Betreuung, ihren Platz im<a class=\"moretag\" href=\"https:\/\/bmg-langer.de\/cmsV3\/\">mehr anzeigen&#8230;<\/a><\/p>\n","protected":false},"author":1,"featured_media":0,"parent":0,"menu_order":0,"comment_status":"closed","ping_status":"closed","template":"page-sidebar.php","meta":{"footnotes":""},"class_list":["post-134","page","type-page","status-publish","hentry"],"_links":{"self":[{"href":"https:\/\/bmg-langer.de\/cmsV3\/index.php?rest_route=\/wp\/v2\/pages\/134","targetHints":{"allow":["GET"]}}],"collection":[{"href":"https:\/\/bmg-langer.de\/cmsV3\/index.php?rest_route=\/wp\/v2\/pages"}],"about":[{"href":"https:\/\/bmg-langer.de\/cmsV3\/index.php?rest_route=\/wp\/v2\/types\/page"}],"author":[{"embeddable":true,"href":"https:\/\/bmg-langer.de\/cmsV3\/index.php?rest_route=\/wp\/v2\/users\/1"}],"replies":[{"embeddable":true,"href":"https:\/\/bmg-langer.de\/cmsV3\/index.php?rest_route=%2Fwp%2Fv2%2Fcomments&post=134"}],"version-history":[{"count":666,"href":"https:\/\/bmg-langer.de\/cmsV3\/index.php?rest_route=\/wp\/v2\/pages\/134\/revisions"}],"predecessor-version":[{"id":4100,"href":"https:\/\/bmg-langer.de\/cmsV3\/index.php?rest_route=\/wp\/v2\/pages\/134\/revisions\/4100"}],"wp:attachment":[{"href":"https:\/\/bmg-langer.de\/cmsV3\/index.php?rest_route=%2Fwp%2Fv2%2Fmedia&parent=134"}],"curies":[{"name":"wp","href":"https:\/\/api.w.org\/{rel}","templated":true}]}}

<p></p>



<div class="wp-block-columns is-layout-flex wp-container-core-columns-is-layout-1 wp-block-columns-is-layout-flex">
<div class="wp-block-column is-layout-flow wp-block-column-is-layout-flow" style="flex-basis:33.33%">
<figure class="wp-block-image size-large is-style-rounded"><img loading="lazy" decoding="async" width="1024" height="381" src="https://bmg-langer.de/cmsV3/wp-content/uploads/2023/03/Header-03-1024x381.jpg" alt="" class="wp-image-4094" srcset="https://bmg-langer.de/cmsV3/wp-content/uploads/2023/03/Header-03-1024x381.jpg 1024w, https://bmg-langer.de/cmsV3/wp-content/uploads/2023/03/Header-03-300x112.jpg 300w, https://bmg-langer.de/cmsV3/wp-content/uploads/2023/03/Header-03-768x285.jpg 768w, https://bmg-langer.de/cmsV3/wp-content/uploads/2023/03/Header-03.jpg 1200w" sizes="auto, (max-width: 1024px) 100vw, 1024px" /></figure>
</div>



<div class="wp-block-column is-layout-flow wp-block-column-is-layout-flow" style="flex-basis:66.66%">
<p class="has-medium-font-size">Die Firma Bildungs- und Managementgesellschaft R. Langer mbH wurde durch Herrn Reinhard Langer am 16.04.2002 gegründet. Seither hilft das Unternehmen einzelnen Menschen durch individuelle und innovative Bildung und Betreuung, ihren Platz im Arbeitsmarkt zu bestimmen. Alle Angebote für arbeitslose Menschen basierenauf einer persönlichen Kompetenzbewertung.</p>
</div>
</div>



<p class="has-medium-font-size">Für Unternehmen und andere Einrichtungen führen wir Personalauswahl und -entwicklungsmaßnahmen durch und bieten Training und Coaching von Führungskräften an. Dabei greifen wir auf das bewährte Verfahren von KODE® (Kompetenzdiagnostik und Entwicklung) zurück.</p>



<p class="has-medium-font-size"><strong>Der Mensch steht immer im Mittelpunkt unserer täglichen Arbeit.</strong></p>



<p class="has-medium-font-size">Unsere Motivation ist es, dass berufliche Potenzial unserer Kundinnen und Kunden voll zu entwickeln und zu verbessern. Daran richten wir unser Tun und Handeln aus.</p>



<div class="wp-block-columns is-layout-flex wp-container-core-columns-is-layout-2 wp-block-columns-is-layout-flex">
<div class="wp-block-column is-layout-flow wp-block-column-is-layout-flow" style="flex-basis:66.66%">
<p class="has-medium-font-size">Als Unternehmen und als Arbeitgeber tragen wir soziale Verantwortung. Das bedeutet für unsere Mitarbeiterinnen und Mitarbeiter gute Arbeitsbedingungen und aktive Mitgestaltung für unsere Teilnehmerinnen und Teilnehmer selbstbestimmten Zugang zu beruflicher und gesellschaftlicher Teilhabe.</p>



<p class="has-medium-font-size">Wir fördern den Mut unserer Kundinnen und Kunden neue Wege zu gehen und unterstützen dabei professionell und nachhaltig. Gegenseitiger Respekt und wertschätzung ist die Grundlage unserer Kommunikation und der gemeinsamen Arbeit.</p>
</div>



<div class="wp-block-column is-layout-flow wp-block-column-is-layout-flow" style="flex-basis:33.33%">
<figure class="wp-block-image size-large is-style-rounded"><img loading="lazy" decoding="async" width="1024" height="381" src="https://bmg-langer.de/cmsV3/wp-content/uploads/2023/03/Header-01-1024x381.jpg" alt="" class="wp-image-4093" srcset="https://bmg-langer.de/cmsV3/wp-content/uploads/2023/03/Header-01-1024x381.jpg 1024w, https://bmg-langer.de/cmsV3/wp-content/uploads/2023/03/Header-01-300x112.jpg 300w, https://bmg-langer.de/cmsV3/wp-content/uploads/2023/03/Header-01-768x285.jpg 768w, https://bmg-langer.de/cmsV3/wp-content/uploads/2023/03/Header-01.jpg 1200w" sizes="auto, (max-width: 1024px) 100vw, 1024px" /></figure>
</div>
</div>

<p>Die Firma Bildungs- und Managementgesellschaft R. Langer mbH wurde durch Herrn Reinhard Langer am 16.04.2002 gegründet. Seither hilft das Unternehmen einzelnen Menschen durch individuelle und innovative Bildung und Betreuung, ihren Platz im<a class="moretag" href="https://bmg-langer.de/cmsV3/">mehr anzeigen&#8230;</a></p>
